{"id":3,"date":"2018-10-31T13:22:18","date_gmt":"2018-10-31T12:22:18","guid":{"rendered":"https:\/\/promotion-software.de\/website\/?page_id=3"},"modified":"2018-10-31T13:44:13","modified_gmt":"2018-10-31T12:44:13","slug":"datenschutzerklaerung","status":"publish","type":"page","link":"https:\/\/promotion-software.de\/website\/datenschutzerklaerung\/","title":{"rendered":"Datenschutzerkl\u00e4rung"},"content":{"rendered":"<div class=\"row\">\n<div id=\"content_wrapper\" class=\"col-md-12 privacy_policy\">\n<div id=\"content\" class=\"\">\n<p>Inhalt der vorliegenden Datenschutzerkl\u00e4rung:<\/p>\n<p>&#8211; Wie und warum wir Ihre personenbezogenen Daten erfassen<\/p>\n<p>&#8211; Wozu wir Ihre personenbezogenen Daten verwenden und<\/p>\n<p>&#8211; Ihre Wahlm\u00f6glichkeiten f\u00fcr die Behandlung Ihrer personenbezogenen Daten.<\/p>\n<p>Diese Datenschutzrichtlinie gilt f\u00fcr Spiele, Websites und zugeh\u00f6rige Dienste von Promotion Software, die wir hier mit dem Sammelbegriff &#8222;Dienste&#8220; bezeichnen. Diese Datenschutzrichtlinie kann regelm\u00e4\u00dfig von uns aktualisiert werden, indem wir eine neue Version auf www.promotion-software.de ver\u00f6ffentlichen. Bei wesentlichen \u00c4nderungen dieser Richtlinie werden wir Sie durch einen Hinweis innerhalb des Dienstes davon in Kenntnis setzen, bevor diese \u00c4nderungen wirksam werden. Ihre weitere Nutzung des Dienstes nach dem Datum des Inkrafttretens unterliegt der neuen Datenschutzrichtlinie.<\/p>\n<p>&nbsp;<\/p>\n<p>KONTAKTAUFNAHME<\/p>\n<p>Wenn Sie Fragen zum Datenschutz oder W\u00fcnsche hinsichtlich der L\u00f6sung von Problemen mit Ihren personenbezogenen Daten haben, bitten wir Sie, uns in erster Linie \u00fcber das Spiel zu kontaktieren, damit wir Ihnen schneller antworten k\u00f6nnen.<\/p>\n<p>Name des f\u00fcr die Daten Verantwortlichen: Promotion Software GmbH<\/p>\n<p>Adresse: Karlstra\u00dfe 3, 72072 T\u00fcbingen, Deutschland<\/p>\n<p>E-Mail: legal-requests@promotion-software.de<\/p>\n<p>&nbsp;<\/p>\n<p>DATEN, DIE VON UNS ERHOBEN WERDEN<\/p>\n<p>&nbsp;<\/p>\n<p>Daten, die Sie uns zur Verf\u00fcgung stellen.<\/p>\n<p>&#8211; Kontaktinformationen (wie Ihren Name und Ihre E-Mail-Adresse)<\/p>\n<p>&#8211; Spielername und Passwort<\/p>\n<p>&#8211; Profilinformationen (wie z.B. Profilbild)<\/p>\n<p>&#8211; Ihre Nachrichten an die Dienste (wie z.B. Chat-Protokolle und Supportanfragen des Spielers)<\/p>\n<p>&#8211; Weitere Daten, die Sie uns wissentlich \u00fcbermitteln (wie z.B. Daten zur Identifizierung eines verlorenen Kontos)<\/p>\n<p>&nbsp;<\/p>\n<p>Automatisch von uns erhobene Daten.<\/p>\n<p>&#8211; Daten \u00fcber Ihr Konto und Ihren Spielfortschritt<\/p>\n<p>&#8211; Ihre IP-Adresse und Mobilger\u00e4te-IDs (z. B. Ihre Ger\u00e4te-ID, Werbe-ID, MAC-Adresse, IMEI)<\/p>\n<p>&#8211; Daten \u00fcber Ihr Ger\u00e4t, z. B. Ger\u00e4tebezeichnung und Betriebssystem, Browsertyp und Sprache<\/p>\n<p>&#8211; Daten, die anhand von Cookies und \u00e4hnliche Technologien (siehe nachstehende Zusatzinformationen) erfasst werden<\/p>\n<p>&#8211; Allgemeine Standortdaten<\/p>\n<p>&#8211; Pr\u00e4zise Geopositionsdaten (GPS, mit Ihrer Zustimmung)<\/p>\n<p>&#8211; Daten \u00fcber Ihre Nutzung des Dienstes, wie zum Beispiel Spieldaten und Ihre Interaktionen mit anderen Spielern innerhalb des Dienstes<\/p>\n<p>In den meisten F\u00e4llen erstellen wir auch eine spezifische ID von Promotion Software f\u00fcr Sie, wenn Sie den Dienst nutzen.<\/p>\n<p>&nbsp;<\/p>\n<p>Daten, die wir von unseren Partnern sammeln.<\/p>\n<p>&#8211; Daten, die wir erhalten, wenn Sie ein Drittanbieter-Tool mit dem Dienst verkn\u00fcpfen (z. B. Facebook, WeChat oder Google)<\/p>\n<p>&#8211; Demografische Daten (z. B. zur Bestimmung des ungef\u00e4hren Standorts Ihrer IP-Adresse)<\/p>\n<p>&#8211; Daten zur Betrugsbek\u00e4mpfung (z. B. Missbrauch von R\u00fcckerstattung in Spielen oder Klickbetrug in der Werbung)<\/p>\n<p>&#8211; Daten von Plattformen, auf denen die Spiele ausgef\u00fchrt werden (z. B. zur \u00dcberpr\u00fcfung der Zahlung)<\/p>\n<p>&#8211; Daten f\u00fcr Werbe- und Analysezwecke, um Ihnen einen besseren Dienst anbieten zu k\u00f6nnen<\/p>\n<p>WARUM ERFASSEN WIR IHRE DATEN?<\/p>\n<p>&nbsp;<\/p>\n<p>Damit der Dienst funktioniert.<\/p>\n<p>Zur Erf\u00fcllung des Vertrages verarbeiten wir die notwendigen Daten zur<\/p>\n<p>&#8211; Erstellung von Konten, um Ihnen das Spielen unserer Spiele und die Nutzung unserer Dienste zu erm\u00f6glichen<\/p>\n<p>&#8211; Ausf\u00fchrung des Dienstes<\/p>\n<p>&#8211; \u00dcberpr\u00fcfung und Best\u00e4tigung von Zahlungen<\/p>\n<p>&#8211; Bereitstellung und Erbringung der von Ihnen angeforderten Produkte und Dienste<\/p>\n<p>&#8211; Zusendung von Korrespondenz bez\u00fcglich des Dienstes<\/p>\n<p>&nbsp;<\/p>\n<p>Anpassung des Dienstes an die Bed\u00fcrfnisse unserer Spieler.<\/p>\n<p>F\u00fcr die Bereitstellung von au\u00dfergew\u00f6hnlichen Diensten f\u00fcr unsere Spieler, haben wir ein berechtigtes Interesse daran, Daten zu erfassen und zu verarbeiten, zur<\/p>\n<p>&#8211; Aktualisierung und Entwicklung von Spielerprofilen<\/p>\n<p>&#8211; Entwicklung und Verbesserung des Dienstes und des Spielerlebnisses<\/p>\n<p>&#8211; Verwaltung der Beziehung zu Ihnen<\/p>\n<p>&#8211; Bereitstellung sozialer Funktionen als Teil des Dienstes<\/p>\n<p>&#8211; Anpassung Ihrer Diensterfahrung<\/p>\n<p>&#8211; Beantwortung Ihrer Kommentare und Fragen sowie zur Bereitstellung von Support f\u00fcr den Spieler<\/p>\n<p>&#8211; Bereitstellung von Angeboten von Promotion Software innerhalb des Dienstes sowie auf anderen Websites und Diensten sowie per E-Mail<\/p>\n<p>&#8211; Zusendung von damit verbundenen Informationen wie Aktualisierungen, Sicherheitsmeldungen und Nachrichten des Kundensupports<\/p>\n<p>&#8211; Erm\u00f6glichung von Kommunikation mit anderen Spielern<\/p>\n<p>&nbsp;<\/p>\n<p>Anzeige von personalisierter Werbung.<\/p>\n<p>Um Ihnen personalisierte Werbung innerhalb des Dienstes sowie in anderen Websites und Diensten (einschlie\u00dflich E-Mail) anzuzeigen, haben wir ein berechtigtes Interesse an der Verarbeitung der notwendigen Daten zur<\/p>\n<p>&#8211; Nachverfolgung der Inhalte, auf die Sie in Verbindung mit dem Dienst zugreifen, sowie Ihr Online-Verhalten<\/p>\n<p>&#8211; Erbringung, Abstimmung und Verbesserung unserer Werbung und des Dienstes<\/p>\n<p>Informationen dar\u00fcber, wie Sie sich von personalisierten Werbungen abmelden k\u00f6nnen, finden Sie im nachstehenden Abschnitt \u201aIhre Rechte und M\u00f6glichkeiten&#8216;.<\/p>\n<p>&nbsp;<\/p>\n<p>Aufrechterhaltung eines sicheren und fairen Dienstes.<\/p>\n<p>Die Gew\u00e4hrleistung gleicher Wettbewerbsbedingungen innerhalb des Dienstes hat f\u00fcr uns oberste Priorit\u00e4t. Weitere Informationen zu unseren Nutzungsrichtlinien finden Sie in den Nutzungsbedingungen von Promotion Software.<\/p>\n<p>Um den Dienst und seine sozialen Funktionen sicher und fair zu halten, Betrug zu bek\u00e4mpfen und eine akzeptable Nutzung anderweitig sicherzustellen, haben wir ein berechtigtes Interesse an der Verarbeitung der notwendigen Daten zur<\/p>\n<p>&#8211; Analyse und \u00dcberwachung der Nutzung des Dienstes und seiner sozialen Funktionen<\/p>\n<p>&#8211; Automatischen oder manuellen Moderation von Chats<\/p>\n<p>&#8211; Ma\u00dfnahmenergreifung im Falle von betr\u00fcgerischen oder sich unangemessen verhaltenden Spielern<\/p>\n<p>&nbsp;<\/p>\n<p>Analyse, Profilierung und Segmentierung.<\/p>\n<p>In allen oben genannten F\u00e4llen und Zwecken k\u00f6nnen wir alle erfassten Daten analysieren, profilieren und segmentieren.<\/p>\n<p>&nbsp;<\/p>\n<p>Mit Ihrer Zustimmung.<\/p>\n<p>Mit Ihrer Zustimmung k\u00f6nnen wir Ihre Daten f\u00fcr zus\u00e4tzliche Zwecke verarbeiten, z. B. die Verwendung Ihres GPS-Standorts, um lokale Veranstaltungen anzuzeigen.<\/p>\n<p>&nbsp;<\/p>\n<p>WER IHRE DATEN EINSEHEN KANN<\/p>\n<p>Abgesehen von Promotion Software k\u00f6nnen Ihre Daten in folgenden Situationen von anderen genutzt werden:<\/p>\n<p>&nbsp;<\/p>\n<p>ANDERE SPIELE UND NUTZER<\/p>\n<p>Soziale Funktionen sind ein zentraler Bestandteil unserer Spiele. Andere Spieler und Nutzer sehen beispielsweise Ihre Profildaten, In-Game-Aktivit\u00e4ten und lesen die Nachrichten, die Sie gepostet haben.<\/p>\n<p>&nbsp;<\/p>\n<p>PARTNER VON PROMOTION SOFTWARE<\/p>\n<p>Promotion Software hat Partner, die Dienstleistungen f\u00fcr uns erbringen. Diese Partner verarbeiten Ihre Daten nur nach den Anweisungen von Promotion Software zur Bereitstellung des Dienstes, wie z. B. Hosting, Spielersupport, Werbung, Analyse und Betrugspr\u00e4vention.<\/p>\n<p>&nbsp;<\/p>\n<p>Andere Unternehmen und Beh\u00f6rden.<\/p>\n<p>Um Betrug und illegale Aktivit\u00e4ten zu bek\u00e4mpfen, k\u00f6nnen wir Daten mit anderen Unternehmen und Organisationen austauschen und sie Beh\u00f6rden als Antwort auf rechtm\u00e4\u00dfige Anfragen zur Verf\u00fcgung stellen.<\/p>\n<p>Wir k\u00f6nnen Ihre Daten auch auf der Grundlage Ihrer Einwilligung, zur Einhaltung der Gesetze oder zum Schutz der Rechte, des Eigentums oder der Sicherheit von uns, unseren Spielern oder anderen Personen offenlegen.<\/p>\n<p>&nbsp;<\/p>\n<p>Werbe- und Social-Media-Partner.<\/p>\n<p>Der Dienst umfasst Funktionen unserer Partner, z. B. Interaktionstools f\u00fcr soziale Medien und In-Game-Werbung. Diese Partner k\u00f6nnen auf Ihre Daten zugreifen und gem\u00e4\u00df deren eigenen Datenschutzrichtlinien arbeiten. Wir empfehlen Ihnen, deren Datenschutzrichtlinien zu lesen, um mehr \u00fcber ihre Datenverarbeitungspraktiken zu erfahren.<\/p>\n<p>&nbsp;<\/p>\n<p>INTERNATIONALE DATEN\u00dcBERTRAGUNG<\/p>\n<p>Unser Dienst ist naturgem\u00e4\u00df global, daher k\u00f6nnen Ihre Daten weltweit \u00fcbertragen werden. Da in verschiedenen L\u00e4ndern m\u00f6glicherweise andere Datenschutzgesetze gelten als in Ihrem eigenen Land, ergreifen wir Ma\u00dfnahmen, um sicherzustellen, dass angemessene Sicherheitsvorkehrungen zum Schutz Ihrer Daten, wie in dieser Richtlinie erl\u00e4utert, getroffen werden. Angemessene Schutzma\u00dfnahmen, die unsere Partner verwenden k\u00f6nnen, sind unter anderem von der EU-Kommission zugelassene Standardvertragsklauseln sowie die Privacy Shield-Zertifizierung im Falle von \u00dcbertragungen in die USA.<\/p>\n<p>&nbsp;<\/p>\n<p>IHRE RECHTE UND M\u00d6GLICHKEITEN<\/p>\n<p>&nbsp;<\/p>\n<p>Verzicht auf Marketing-E-Mails und andere Direktmarketing-Aktivit\u00e4ten<\/p>\n<p>Sie k\u00f6nnen den Erhalt von Werbemitteilungen, wie z. B. Marketing-E-Mails von uns ablehnen, indem Sie die Anweisungen in diesen Mitteilungen befolgen.<\/p>\n<p>&nbsp;<\/p>\n<p>Verzicht auf gezielte Werbung<\/p>\n<p>Sie k\u00f6nnen die interessenbezogene Werbung in mobilen Apps ablehnen, indem Sie die Datenschutzeinstellungen Ihres Android- oder iOS-Ger\u00e4ts pr\u00fcfen und die Option &#8222;Kein Ad-Tracking&#8220; aktivieren (Apple iOS) oder &#8222;interessenbezogene Werbung deaktivieren&#8220; (Android) ausw\u00e4hlen.<\/p>\n<p>Zur Ablehnung von personalisierten In-Game-Angeboten k\u00f6nnen Sie die Optionen in den Spieleinstellungen verwenden.<\/p>\n<p>&nbsp;<\/p>\n<p>Zugriff auf die personenbezogenen Daten, die wir \u00fcber Sie gespeichert haben<\/p>\n<p>Wenn Sie dies w\u00fcnschen, stellen wir Ihnen eine Kopie Ihrer personenbezogenen Daten in einem elektronischen Format zur Verf\u00fcgung.<\/p>\n<p>&nbsp;<\/p>\n<p>Ihre zus\u00e4tzlichen Rechte<\/p>\n<p>Sie haben auch das Recht, Ihre Daten zu korrigieren, Ihre Daten zu l\u00f6schen, Einspruch gegen die Art zu erheben, wie wir Ihre Daten verwenden oder weitergeben und Einschr\u00e4nkungen festzulegen, wie wir Ihre Daten verwenden oder weitergeben. Sie k\u00f6nnen Ihre Zustimmung jederzeit widerrufen, indem Sie beispielsweise die GPS-Standortfreigabe in Ihren Mobilger\u00e4teeinstellungen deaktivieren.<\/p>\n<p>Wir werden alle Anfragen innerhalb einer angemessenen Zeitspanne bearbeiten.\u00a0 Wenn Sie weiterhin Bedenken bez\u00fcglich des Datenschutzes oder der Datennutzung haben oder der Meinung sind, dass wir dies nicht angemessen bearbeitet haben, wenden Sie sich bitte an unseren unabh\u00e4ngigen Konfliktl\u00f6sungsanbieter mit Sitz in den USA (kostenlos). Sie k\u00f6nnen sich bei ungekl\u00e4rten Beschwerden auch an Ihre lokale Datenschutzbeh\u00f6rde im Europ\u00e4ischen Wirtschaftsraum wenden.<\/p>\n<p>&nbsp;<\/p>\n<p>COOKIES UND \u00c4HNLICHE TECHNOLOGIEN<\/p>\n<p>Wie die meisten Online-Dienste verwenden auch wir und unsere Partner Cookies und \u00e4hnliche Technologien, um den Dienst bereitzustellen und zu personalisieren, den Gebrauch zu analysieren, Anzeigen zu schalten und Betrug vorzubeugen. Sie k\u00f6nnen Cookies in Ihren Browsereinstellungen deaktivieren, m\u00f6glicherweise funktionieren einige Teile des Dienstes jedoch danach nicht richtig.<\/p>\n<p>&nbsp;<\/p>\n<p>WIE WIR IHRE DATEN SCH\u00dcTZEN<\/p>\n<p>&nbsp;<\/p>\n<p>Sicherheitsma\u00dfnahmen.<\/p>\n<p>Um ein sicheres Spielerlebnis zu gew\u00e4hrleisten, entwickeln und implementieren wir kontinuierlich administrative, technische und physische Sicherheitsma\u00dfnahmen, um Ihre Daten vor unbefugtem Zugriff oder vor Verlust, Missbrauch oder Ver\u00e4nderung zu sch\u00fctzen.<\/p>\n<p>&nbsp;<\/p>\n<p>Datenaufbewahrung.<\/p>\n<p>Wir speichern Ihre Daten so lange, wie Ihr Konto aktiv ist oder solange dies zur Erbringung unseres Dienstes erforderlich ist. Wir machen beispielsweise ungenutzte Spielkonten regelm\u00e4\u00dfig unkenntlich und pr\u00fcfen unn\u00f6tige Daten von Zeit zu Zeit und machen diese ebenfalls unkenntlich.<\/p>\n<p>Wenn Sie uns auffordern, Ihre personenbezogenen Daten zu l\u00f6schen, werden wir Ihre Daten so speichern, wie dies f\u00fcr unsere legitimen Gesch\u00e4ftsinteressen erforderlich ist, z. B. zur Erf\u00fcllung unserer gesetzlichen Verpflichtungen, zur Beilegung von Streitigkeiten und zur Durchsetzung unserer Vereinbarungen.<\/p>\n<p>&nbsp;<\/p>\n<p>ALTERSBESCHR\u00c4NKUNGEN<\/p>\n<p>Wir erheben oder erfragen wissentlich keine personenbezogenen Daten von und richten keine interessensbezogene Werbung an Kinder und Jugendliche unter 13 Jahren, bzw. gestatten solchen Personen nicht die Nutzung unserer Dienste.\u00a0 Wenn Sie noch nicht 13 Jahre alt sind, schicken Sie uns bitte keine Daten \u00fcber sich selbst, einschlie\u00dflich Ihres Namens, Ihrer Adresse, Telefonnummer oder E-Mail-Adresse. Niemand unter 13 Jahren darf uns personenbezogene Daten angeben. Sollten wir davon Kenntnis erhalten, dass wir personenbezogene Daten eines Kindes oder Jugendlichen unter 13 Jahren erhoben haben, werden wir diese Daten schnellstm\u00f6glich l\u00f6schen. Wenn Sie der Ansicht sind, dass wir Daten von oder \u00fcber ein Kind unter 13 Jahren besitzen, wenden Sie sich bitte an uns.<\/p>\n<\/div>\n<\/div>\n<\/div>\n","protected":false},"excerpt":{"rendered":"<p>Inhalt der vorliegenden Datenschutzerkl\u00e4rung: &#8211; Wie und warum wir Ihre personenbezogenen Daten erfassen &#8211; Wozu wir Ihre personenbezogenen Daten verwenden und &#8211; Ihre Wahlm\u00f6glichkeiten f\u00fcr die Behandlung Ihrer personenbezogenen Daten. Diese Datenschutzrichtlinie gilt f\u00fcr Spiele, Websites und zugeh\u00f6rige Dienste von Promotion Software, die wir hier mit dem Sammelbegriff &#8222;Dienste&#8220; bezeichnen. Diese Datenschutzrichtlinie kann regelm\u00e4\u00dfig von <a href=\"https:\/\/promotion-software.de\/website\/datenschutzerklaerung\/\" rel=\"nofollow\"><span class=\"sr-only\">Read more about Datenschutzerkl\u00e4rung<\/span>[&hellip;]<\/a><\/p>\n","protected":false},"author":1,"featured_media":0,"parent":0,"menu_order":0,"comment_status":"closed","ping_status":"open","template":"template-fullwidth.php","meta":{"footnotes":""},"class_list":["post-3","page","type-page","status-publish","hentry"],"_links":{"self":[{"href":"https:\/\/promotion-software.de\/website\/wp-json\/wp\/v2\/pages\/3","targetHints":{"allow":["GET"]}}],"collection":[{"href":"https:\/\/promotion-software.de\/website\/wp-json\/wp\/v2\/pages"}],"about":[{"href":"https:\/\/promotion-software.de\/website\/wp-json\/wp\/v2\/types\/page"}],"author":[{"embeddable":true,"href":"https:\/\/promotion-software.de\/website\/wp-json\/wp\/v2\/users\/1"}],"replies":[{"embeddable":true,"href":"https:\/\/promotion-software.de\/website\/wp-json\/wp\/v2\/comments?post=3"}],"version-history":[{"count":2,"href":"https:\/\/promotion-software.de\/website\/wp-json\/wp\/v2\/pages\/3\/revisions"}],"predecessor-version":[{"id":41,"href":"https:\/\/promotion-software.de\/website\/wp-json\/wp\/v2\/pages\/3\/revisions\/41"}],"wp:attachment":[{"href":"https:\/\/promotion-software.de\/website\/wp-json\/wp\/v2\/media?parent=3"}],"curies":[{"name":"wp","href":"https:\/\/api.w.org\/{rel}","templated":true}]}}