{"id":9,"date":"2018-10-31T13:25:06","date_gmt":"2018-10-31T12:25:06","guid":{"rendered":"https:\/\/promotion-software.de\/website\/?page_id=9"},"modified":"2025-12-04T20:50:38","modified_gmt":"2025-12-04T19:50:38","slug":"kontakt","status":"publish","type":"page","link":"https:\/\/promotion-software.de\/website\/kontakt\/","title":{"rendered":"Kontakt"},"content":{"rendered":"<div class=\"standard_wrapper\">\n<p><strong>Promotion Software\u00a0GmbH<\/strong><\/p>\n<p>Studio T\u00fcbingen<br \/>\nKarlstra\u00dfe 3<br \/>\nD-72072 T\u00fcbingen<br \/>\nDeutschland<\/p>\n<p>Studio Berlin<br \/>\nStralauer Allee 2C<br \/>\nD-10245 Berlin<br \/>\nDeutschland<\/p>\n<div class=\"one_fourth\">\n<p><strong>E-Mail<\/strong><\/p>\n<p>mail@promotion-software.de<\/p>\n<\/div>\n<div class=\"one_fourth last\">\n<p><strong>Telefon<\/strong><\/p>\n<p>+49.7071.9167.0<\/p>\n<\/div>\n<\/div>\n","protected":false},"excerpt":{"rendered":"<p>Promotion Software\u00a0GmbH Studio T\u00fcbingen Karlstra\u00dfe 3 D-72072 T\u00fcbingen Deutschland Studio Berlin Stralauer Allee 2C D-10245 Berlin Deutschland E-Mail mail@promotion-software.de Telefon +49.7071.9167.0<\/p>\n","protected":false},"author":1,"featured_media":0,"parent":0,"menu_order":0,"comment_status":"closed","ping_status":"closed","template":"template-fullwidth.php","meta":{"footnotes":""},"class_list":["post-9","page","type-page","status-publish","hentry"],"_links":{"self":[{"href":"https:\/\/promotion-software.de\/website\/wp-json\/wp\/v2\/pages\/9","targetHints":{"allow":["GET"]}}],"collection":[{"href":"https:\/\/promotion-software.de\/website\/wp-json\/wp\/v2\/pages"}],"about":[{"href":"https:\/\/promotion-software.de\/website\/wp-json\/wp\/v2\/types\/page"}],"author":[{"embeddable":true,"href":"https:\/\/promotion-software.de\/website\/wp-json\/wp\/v2\/users\/1"}],"replies":[{"embeddable":true,"href":"https:\/\/promotion-software.de\/website\/wp-json\/wp\/v2\/comments?post=9"}],"version-history":[{"count":26,"href":"https:\/\/promotion-software.de\/website\/wp-json\/wp\/v2\/pages\/9\/revisions"}],"predecessor-version":[{"id":213,"href":"https:\/\/promotion-software.de\/website\/wp-json\/wp\/v2\/pages\/9\/revisions\/213"}],"wp:attachment":[{"href":"https:\/\/promotion-software.de\/website\/wp-json\/wp\/v2\/media?parent=9"}],"curies":[{"name":"wp","href":"https:\/\/api.w.org\/{rel}","templated":true}]}}